2 = 5*v - 8. Suppose -4*d = 3*a - 49, v*a - 3 = -5*d + 58. What is the units digit of d?
3
Let t(r) = 8*r - 2. Let m be t(-2). What is the tens digit of (-22)/(-3)*m/(-12)?
1
Let k = -2 + 4. Suppose -b - k*b + m = -33, 3*m = -b + 21. What is the units digit of b?
2
What is the units digit of (-4 - -8)/(3 - 1)?
2
Let a(v) = v**2 + 9*v + 3. Let z be a(-9). Suppose z*h + 3*w - 5*w = 38, -h = -2*w - 10. What is the units digit of 130/h + 10/(-35)?
9
Let r be (0/(-1))/2 + -7. Let c(f) = 2 - 4 - 2 - f. What is the units digit of c(r)?
3
Let r = -44 + 26. Let c be 4/6 - (-12)/r. Suppose v + c*v = -4, -3*t + 15 = -3*v. What is the units digit of t?
1
Let c = -60 - -255. What is the units digit of c?
5
Let s(n) = -n**3 + 9*n**2 - 13. What is the tens digit of s(7)?
8
Suppose 5*l - 12 = -4*b - 71, 41 = -3*l - b. Let x be 5/15*l/(-1). Suppose -x*y + 2 + 3 = 0. What is the units digit of y?
1
Let f(v) = v + 2*v**3 - 3*v**3 + 2 - 1 - 2*v**2. What is the units digit of f(-3)?
7
Let t(q) = q**2 - 7*q - 10. Let y be t(10). Suppose 3*v = -5 + y. What is the units digit of v?
5
Suppose 2*w - 15 = -3*a, -2*a = -4*a + 2*w + 10. Suppose a*g + 34 = 299. What is the tens digit of g?
5
Let j = 5 + 51. What is the tens digit of j?
5
Suppose 0 = -0*c + 2*c. Let z be c - 3/(-1) - -2. What is the tens digit of (3 + z + 2)/1?
1
What is the units digit of (-1)/((20/85)/(-4))?
7
Let b = -5 + 9. Suppose b*o - 10 - 6 = 0. What is the units digit of 61/9 - o/(-18)?
7
Let i(a) = a**3 + 4*a**2 - 1. Let j be i(-4). Let q = j + 3. What is the units digit of q?
2
Let t = 12 - 8. Let r(v) = v**3 - 5*v**2 + 4*v + 3. Let k be r(t). What is the units digit of k - (-4)/((-4)/2)?
1
Let f(p) = 2*p**2 + 7*p. Let g(c) = -2*c**2 - 7*c. Suppose 0 = -2*i - 3*i + 15. Let r(b) = i*g(b) + 4*f(b). What is the tens digit of r(-5)?
1
Suppose 2*b = 3*l - 143, b - 3*b - 8 = 0. What is the tens digit of l?
4
Suppose 0 = -2*a + 5*y + 129, -3*y = y - 4. What is the tens digit of a?
6
Let l = -7 - -25. What is the tens digit of l?
1
Let h = 39 - -13. What is the tens digit of h?
5
Let l = -34 + 118. Suppose d + d = l. What is the units digit of d?
2
What is the units digit of (6/18)/((-2)/(-114))?
9
Suppose 195 = -28*a + 33*a. What is the tens digit of a?
3
Let c be ((-3)/(-4))/((-1)/12). Let a = -6 - c. What is the units digit of (0 - -2 - a) + 12?
1
Suppose 3*t = -k + 8*t + 195, -4*t = -3*k + 541. What is the tens digit of k?
7
Let p(i) = 136*i**2 - 1. Let q be p(1). What is the tens digit of ((-3)/9)/((-3)/q)?
1
Let k = 81 - 20. What is the units digit of k?
1
Let z = 4 + -10. Let k be 3*-1*22/z. Suppose -3 - k = -2*m. What is the units digit of m?
7
Let m(d) = -4*d - 18. What is the units digit of m(-9)?
8
What is the units digit of (-6)/(-54) + (-24)/(-27) + 103?
4
Suppose -30*n + 32*n = 8. What is the units digit of n?
4
Let i = 7 - 3. Suppose 0 = -i*j - 0*j + 60. What is the units digit of j?
5
Let a = -4 - -4. Suppose -15 = -q - 4*l, a = 3*q + 3*l - 0*l - 18. What is the tens digit of ((-22)/q)/((-4)/6)?
1
Suppose -25 = 5*f + c, -3*c + 0*c = -2*f + 7. What is the units digit of f*1/(2/(-3))?
6
Let s = 91 + -49. What is the tens digit of s?
4
Suppose 0*c = c + 9. Let d(r) = -r**2 - 11*r + 12. What is the units digit of d(c)?
0
Let p = -14 - -15. What is the units digit of (-15*p - 3)/(-2)?
9
Let i = -56 + 149. What is the tens digit of i?
9
Let o = 11 + -4. Let v(u) = u**2 - 1. Let y(p) = p**3 - 11*p**2 + 2*p - 3. Let b(r) = 4*v(r) + y(r). What is the units digit of b(o)?
7
Let d(z) = -z**3 + 6*z**2 + 9*z - 9. Let b be d(7). Suppose -b - 4 = 4*a + 5*s, s = -5*a + 15. What is the units digit of a?
4
Suppose -100 = -0*g - 4*g. Suppose 0*b = -3*b + 5*q - g, -16 = 4*b + 2*q. Let j = b + 10. What is the units digit of j?
5
Suppose 0*o - 101 = -4*o + 5*j, 3*j - 42 = -3*o. What is the tens digit of o?
1
Suppose -2*y - 40 = -5*r + 3*y, r - 2*y = 8. Let w = r - -12. What is the units digit of w?
0
Suppose -5*c = -2*w - 0*c + 10, -w + 3*c = -3. What is the tens digit of w?
1
Suppose -3*g + 2*g + 3 = 0. Suppose -18 + g = -y. What is the units digit of y?
5
Let v(j) = -j + 14. Suppose 5*h - 8 = 22. Let u be v(h). What is the units digit of (0 - 0) + u + -1?
7
Let q be 1 + 1 - 6/(-3). Suppose z + q - 6 = 0. Suppose 7*r = z*r + 10. What is the units digit of r?
2
Suppose 4*d - 38 + 6 = 0. What is the units digit of d?
8
Let s = -9 - -2. Let p = s - -12. Suppose p*o = 35 - 10. What is the units digit of o?
5
Suppose q = -9 + 24. Suppose g + 2*g + 5*k = q, -47 = -5*g - k. What is the units digit of g?
0
Let g = 305 + -218. What is the tens digit of g?
8
Let h(p) = -p**3 - 12*p**2 - 7*p - 18. Let q be h(-12). Suppose 0 = -4*z - 0*g + 3*g + q, -5*g + 10 = 0. What is the units digit of z?
8
Let u(l) = -10*l - 11. What is the tens digit of u(-5)?
3
Suppose 4*q + 0*q - 2*i = 284, -4*q - i = -290. What is the units digit of q?
2
Let q be 4*-3*(-3)/6. Suppose -q*v + 4*v + 4 = l, -v - 4*l = 5. What is the units digit of v?
3
Let y = 170 + -122. What is the units digit of y?
8
Let r(n) be the first derivative of -3*n**2/2 - 2*n + 1. What is the units digit of r(-4)?
0
Suppose -11*g + 1452 = -2079. What is the hundreds digit of g?
3
Let v be (-3 + 0)/((-27)/63). Suppose -50 = -4*z + 2*g, -3*g + 1 = -z - v*g. What is the tens digit of z?
1
Suppose 5*q + 35 - 15 = 0. What is the tens digit of 2*(3 + (-74)/q)?
4
Suppose -2*j = m - 16 - 21, 0 = -4*j - 3*m + 73. What is the tens digit of j?
1
Let b(o) = o + 10. Let u be b(-6). Let c(r) = -2*r**2 + 2*r - 1. Let s be c(1). Let j = s + u. What is the units digit of j?
3
Let l be -1 - 1/(-2)*0. Suppose -x - 1 = 0, -2*q = -x + 2*x - 3. Let t = q + l. What is the units digit of t?
1
Let a(c) = 2*c**3 + 7*c - 3*c**3 - 7*c**2 + 2*c**3 - 2. What is the units digit of a(6)?
4
Let n be (20 + -1)*(-3)/(-3). Let f = -1 + n. What is the tens digit of f?
1
Let g(n) = n**2 - 4*n - 3. Let j be g(5). Let x be j/(-4) + 19/2. Let d(b) = -b**3 + 9*b**2 + 1. What is the units digit of d(x)?
1
Let j = -3 + 5. Suppose 0 = j*p - 6*p - 3*q - 75, 5*p = 5*q - 50. Let g = 25 + p. What is the tens digit of g?
1
Let t = -7 - -10. Suppose -t - 7 = 5*f. What is the units digit of 3 - 2*(-1)/f?
2
Let f(q) = 2*q**2 - 9*q - 8. What is the tens digit of f(6)?
1
Let f(u) = 50*u**2 + 4*u + 3. What is the tens digit of f(-1)?
4
Suppose 16 = -d + 5*d. Let m be (-6 + 2)/(d/(-6)). Let n = m + 1. What is the units digit of n?
7
Let n = -3 - -5. Suppose x = -x - n. Let f = x + 3. What is the units digit of f?
2
Suppose 12 = -3*w, k - w - 2 = 4. Suppose -k*t - 2 = -3*t. Let d = 10 - t. What is the units digit of d?
8
Let n = 25 + 5. Let v = 12 + -26. Let d = v + n. What is the units digit of d?
6
Let u = 18 - 12. Suppose u*w - w - 15 = 0. What is the units digit of (-1)/(w/(-3))*9?
9
Suppose -4*t + 0 = -20. Suppose 2*s = t*s - 21. What is the units digit of s?
7
Let u(s) = -s**3 + 8*s**2 + 9*s - 10. Let m be u(9). Let q be (-4)/10 + (-64)/m. Suppose -10 = a - q*a, a - 42 = -5*t. What is the units digit of t?
8
Suppose -11*y - 2*y + 923 = 0. What is the units digit of y?
1
Let a = -37 - -43. Let u(n) = n**2 - 2*n - 2. Let p be u(3). Let s = a + p. What is the units digit of s?
7
Let a(s) = 2*s**3 - 3*s**2 + 2*s + 11. Let k(h) = h**3 - 2*h**2 + h + 5. Let i = -11 - -4. Let p(w) = i*k(w) + 3*a(w). What is the units digit of p(3)?
3
Let w(k) = k**2 + 14*k + 14. Let f be w(-12). What is the units digit of f/(-25) + 18/5?
4
What is the tens digit of ((-492)/24)/((-2)/4)?
4
Let v = 6 + -4. Let k be (-2)/v*(0 - -1). What is the units digit of ((-2)/(-4))/(k/(-4))?
2
Let f(m) = -m**2 - 3*m + 2. Let r be f(-2). Suppose 2*s = -4*l + 3*s + 87, -r*l + 85 = -3*s. What is the units digit of l?
2
Suppose -4*m + 0*m = -132. Let x be 2/4*4 + 21. Suppose -4*h = -m - x. What is the units digit of h?
4
Let u(g) = g**2 - 6*g + 8. Let x(f) = -f**2 - 2*f - 1. Let n be x(-1). Suppose n = -3*k + 18. What is the units digit of u(k)?
8
Let t = 3 + -1. Let v be 15 - (-2 - (t + -7)). Suppose -2*x - x = -v. What is the units digit of x?
4
Suppose -m - 86 = -0*m + 5*a, -4*a = m + 81. Let u = -39 - m. What is the units digit of u?
2
Let y(m) = m**2 + 36*m - 5. What is the tens digit of y(7)?
9
Let s(w) = w - 1. Let l be s(1). Let h be 6/(-21) - 32/(-1